{"id":26621,"date":"2022-07-12T02:50:01","date_gmt":"2022-07-12T02:50:01","guid":{"rendered":"https:\/\/www.soymedicina.com\/libros-de-medicina\/?page_id=26621"},"modified":"2022-07-12T02:50:01","modified_gmt":"2022-07-12T02:50:01","slug":"medicina-interna","status":"publish","type":"page","link":"https:\/\/www.soymedicina.com\/libros-de-medicina\/medicina-interna\/","title":{"rendered":"Medicina Interna"},"content":{"rendered":"<div class=\"wpb-content-wrapper\">[vc_row][vc_column][vc_column_text]<style type='text\/css' media='all'>#rt-tpg-container-1157006603 .rt-holder .rt-woo-info .price{color:#0367bf;}body .rt-tpg-container .rt-tpg-isotope-buttons .selected,\n\t\t\t\t\t#rt-tpg-container-1157006603 .layout12 .rt-holder:hover .rt-detail,\n\t\t\t\t\t#rt-tpg-container-1157006603 .isotope8 .rt-holder:hover .rt-detail,\n\t\t\t\t\t#rt-tpg-container-1157006603 .carousel8 .rt-holder:hover .rt-detail,\n\t\t\t\t\t#rt-tpg-container-1157006603 .layout13 .rt-holder .overlay .post-info,\n\t\t\t\t\t#rt-tpg-container-1157006603 .isotope9 .rt-holder .overlay .post-info,\n\t\t\t\t\t#rt-tpg-container-1157006603.rt-tpg-container .layout4 .rt-holder .rt-detail,\n\t\t\t\t\t.rt-modal-1157006603 .md-content,\n\t\t\t\t\t.rt-modal-1157006603 .md-content > .rt-md-content-holder .rt-md-content,\n\t\t\t\t\t.rt-popup-wrap-1157006603.rt-popup-wrap .rt-popup-navigation-wrap,\n\t\t\t\t\t#rt-tpg-container-1157006603 .carousel9 .rt-holder .overlay .post-info{background-color:#0367bf;}#rt-tpg-container-1157006603 .layout5 .rt-holder .overlay, #rt-tpg-container-1157006603 .isotope2 .rt-holder .overlay, #rt-tpg-container-1157006603 .carousel2 .rt-holder .overlay,#rt-tpg-container-1157006603 .layout15 .rt-holder h3, #rt-tpg-container-1157006603 .isotope11 .rt-holder h3, #rt-tpg-container-1157006603 .carousel11 .rt-holder h3, #rt-tpg-container-1157006603 .layout16 .rt-holder h3,\n\t\t\t\t\t#rt-tpg-container-1157006603 .isotope12 .rt-holder h3, #rt-tpg-container-1157006603 .carousel12 .rt-holder h3 {background-color:rgba(3,103,191,0.8);}#rt-tpg-container-1157006603 .read-more a{border-radius:px;}#rt-tpg-container-1157006603 .rt-img-holder img.rt-img-responsive,#rt-tpg-container-1157006603 .rt-img-holder,\n\t\t\t\t\t#rt-tpg-container-1157006603 .rt-post-overlay .post-img,\n\t\t\t\t\t#rt-tpg-container-1157006603 .post-sm .post-img,\n\t\t\t\t\t#rt-tpg-container-1157006603 .rt-post-grid .post-img,\n\t\t\t\t\t#rt-tpg-container-1157006603 .post-img img {border-radius:px;}<\/style><div class='rt-container-fluid rt-tpg-container tpg-shortcode-main-wrapper  loading' id='rt-tpg-container-1157006603'   data-layout='layout2' data-grid-style='even' data-desktop-col='1'  data-tab-col='1'  data-mobile-col='1' data-sc-id='26555'><div data-title='Cargando...' class='rt-row rt-content-loader   layout2 tpg-even '><div class=\"rt-col-md-12 rt-col-sm-12 rt-col-xs-12 even-grid-item rt-grid-item img_no_effect\" data-id=\"28324\"><div class=\"rt-holder\"><div class=\"rt-row\"><div class='rt-col-sm-4 rt-col-xs-12 '><div class=\"rt-img-holder\"><a data-id='28324' class='' href='https:\/\/www.soymedicina.com\/libros-de-medicina\/harrison-principios-de-medicina-interna-22-edicion\/'><img decoding=\"async\" width=\"1977\" height=\"2560\" src=\"https:\/\/soymedicina.b-cdn.net\/libros-de-medicina\/wp-content\/uploads\/Harrison-22-scaled.png\" class=\"rt-img-responsive \" alt=\"\" \/><\/a><\/div><\/div><div class='rt-col-sm-8 rt-col-xs-12 '><div class='rt-detail'><h3 class=\"entry-title\"><a data-id=\"28324\" class=\"\" href=\"https:\/\/www.soymedicina.com\/libros-de-medicina\/harrison-principios-de-medicina-interna-22-edicion\/\">Harrison Principios de Medicina Interna 22 Edici\u00f3n<\/a><\/h3><div class='post-meta-user '><span class='date-meta'><i class='far fa-calendar-alt '><\/i>02\/04\/2026<\/span><\/div><div class='tpg-excerpt'>Los editores se complacen en presentar la 22.a edici\u00f3n de Harrison Principios de Medicina Interna. Esta obra es un hito en la medicina, con 75 a\u00f1os de historia y varias generaciones de estudiantes y m\u00e9dicos en ejercicio. Aunque la medicina y la educaci\u00f3n m\u00e9dica han evolucionado, los lectores apreciar\u00e1n c\u00f3mo esta obra cl\u00e1sica ha conservado&hellip;...<\/div><span class='read-more '><a data-id='28324' class='' href='https:\/\/www.soymedicina.com\/libros-de-medicina\/harrison-principios-de-medicina-interna-22-edicion\/'>Leer m\u00e1s<\/a><\/span><\/div><\/div><\/div><\/div><\/div><div class=\"rt-col-md-12 rt-col-sm-12 rt-col-xs-12 even-grid-item rt-grid-item img_no_effect\" data-id=\"28306\"><div class=\"rt-holder\"><div class=\"rt-row\"><div class='rt-col-sm-4 rt-col-xs-12 '><div class=\"rt-img-holder\"><a data-id='28306' class='' href='https:\/\/www.soymedicina.com\/libros-de-medicina\/manual-practico-de-acido-base-liquidos-y-electrolitos\/'><img decoding=\"async\" width=\"804\" height=\"1247\" src=\"https:\/\/soymedicina.b-cdn.net\/libros-de-medicina\/wp-content\/uploads\/Manual.png\" class=\"rt-img-responsive \" alt=\"\" \/><\/a><\/div><\/div><div class='rt-col-sm-8 rt-col-xs-12 '><div class='rt-detail'><h3 class=\"entry-title\"><a data-id=\"28306\" class=\"\" href=\"https:\/\/www.soymedicina.com\/libros-de-medicina\/manual-practico-de-acido-base-liquidos-y-electrolitos\/\">Manual Pr\u00e1ctico de \u00c1cido &#8211; Base, L\u00edquidos y Electrolitos<\/a><\/h3><div class='post-meta-user '><span class='date-meta'><i class='far fa-calendar-alt '><\/i>21\/01\/2026<\/span><\/div><div class='tpg-excerpt'>Manual Pr\u00e1ctico de \u00c1cido \u2013 Base, L\u00edquidos y Electrolitos es un texto m\u00e9dico especializado publicado por Editorial Prado y escrito por Jes\u00fas Salvador S\u00e1nchez D\u00edaz, con la colaboraci\u00f3n de Karla Gabriela Peniche Moguel. Est\u00e1 dise\u00f1ado como una gu\u00eda did\u00e1ctica y accesible para estudiantes y profesionales de las ciencias de la salud que desean comprender profundamente&hellip;...<\/div><span class='read-more '><a data-id='28306' class='' href='https:\/\/www.soymedicina.com\/libros-de-medicina\/manual-practico-de-acido-base-liquidos-y-electrolitos\/'>Leer m\u00e1s<\/a><\/span><\/div><\/div><\/div><\/div><\/div><div class=\"rt-col-md-12 rt-col-sm-12 rt-col-xs-12 even-grid-item rt-grid-item img_no_effect\" data-id=\"27475\"><div class=\"rt-holder\"><div class=\"rt-row\"><div class='rt-col-sm-4 rt-col-xs-12 '><div class=\"rt-img-holder\"><a data-id='27475' class='' href='https:\/\/www.soymedicina.com\/libros-de-medicina\/harrison-principios-de-medicina-interna-21-edicion\/'><img decoding=\"async\" width=\"1188\" height=\"1600\" src=\"https:\/\/soymedicina.b-cdn.net\/libros-de-medicina\/wp-content\/uploads\/Harrison.jpeg\" class=\"rt-img-responsive \" alt=\"Harrison Principios de Medicina Interna - 21 Edicion\" \/><\/a><\/div><\/div><div class='rt-col-sm-8 rt-col-xs-12 '><div class='rt-detail'><h3 class=\"entry-title\"><a data-id=\"27475\" class=\"\" href=\"https:\/\/www.soymedicina.com\/libros-de-medicina\/harrison-principios-de-medicina-interna-21-edicion\/\">Harrison Principios de Medicina Interna &#8211; 21 Edicion<\/a><\/h3><div class='post-meta-user '><span class='date-meta'><i class='far fa-calendar-alt '><\/i>21\/04\/2023<\/span><\/div><div class='tpg-excerpt'>Los editores se complacen en presentar 21.a\u00a0edici\u00f3n de la obra\u00a0Harrison.\u00a0Principios de Medicina Interna. Esta edici\u00f3n es un verdadero hito en la medicina, que abarca 71 a\u00f1os y m\u00faltiples generaciones de m\u00e9dicos en capacitaci\u00f3n y practicantes. Mientras que la medicina y la educaci\u00f3n m\u00e9dica han evolucionado, los lectores apreciar\u00e1n c\u00f3mo esta obra de texto cl\u00e1sica ha&hellip;...<\/div><span class='read-more '><a data-id='27475' class='' href='https:\/\/www.soymedicina.com\/libros-de-medicina\/harrison-principios-de-medicina-interna-21-edicion\/'>Leer m\u00e1s<\/a><\/span><\/div><\/div><\/div><\/div><\/div><div class=\"rt-col-md-12 rt-col-sm-12 rt-col-xs-12 even-grid-item rt-grid-item img_no_effect\" data-id=\"27468\"><div class=\"rt-holder\"><div class=\"rt-row\"><div class='rt-col-sm-4 rt-col-xs-12 '><div class=\"rt-img-holder\"><a data-id='27468' class='' href='https:\/\/www.soymedicina.com\/libros-de-medicina\/conductas-en-medicina-interna\/'><img decoding=\"async\" width=\"497\" height=\"696\" src=\"https:\/\/soymedicina.b-cdn.net\/libros-de-medicina\/wp-content\/uploads\/Conductas-Medicina-Interna.jpg\" class=\"rt-img-responsive \" alt=\"Conductas en Medicina Interna\" \/><\/a><\/div><\/div><div class='rt-col-sm-8 rt-col-xs-12 '><div class='rt-detail'><h3 class=\"entry-title\"><a data-id=\"27468\" class=\"\" href=\"https:\/\/www.soymedicina.com\/libros-de-medicina\/conductas-en-medicina-interna\/\">Conductas en Medicina Interna<\/a><\/h3><div class='post-meta-user '><span class='date-meta'><i class='far fa-calendar-alt '><\/i>17\/04\/2023<\/span><\/div><div class='tpg-excerpt'>La conducta es una de las caracter\u00edsticas fundamentales de la medicina, ya que re\u00fane en s\u00ed misma los conocimientos, los factores personales y sociales aplicados a la atenci\u00f3n del hombre enfermo con el objeto de descubrir sus males y encararlos de la mejor forma posible para su alivio o curaci\u00f3n. La conducta es la manifestaci\u00f3n&hellip;...<\/div><span class='read-more '><a data-id='27468' class='' href='https:\/\/www.soymedicina.com\/libros-de-medicina\/conductas-en-medicina-interna\/'>Leer m\u00e1s<\/a><\/span><\/div><\/div><\/div><\/div><\/div><div class=\"rt-col-md-12 rt-col-sm-12 rt-col-xs-12 even-grid-item rt-grid-item img_no_effect\" data-id=\"27435\"><div class=\"rt-holder\"><div class=\"rt-row\"><div class='rt-col-sm-4 rt-col-xs-12 '><div class=\"rt-img-holder\"><a data-id='27435' class='' href='https:\/\/www.soymedicina.com\/libros-de-medicina\/diagnostico-y-tratamiento-del-pie-diabetico\/'><img decoding=\"async\" width=\"426\" height=\"657\" src=\"https:\/\/soymedicina.b-cdn.net\/libros-de-medicina\/wp-content\/uploads\/Pie-Diabetico.jpg\" class=\"rt-img-responsive \" alt=\"Diagn\u00f3stico y Tratamiento del Pie Diab\u00e9tico\" \/><\/a><\/div><\/div><div class='rt-col-sm-8 rt-col-xs-12 '><div class='rt-detail'><h3 class=\"entry-title\"><a data-id=\"27435\" class=\"\" href=\"https:\/\/www.soymedicina.com\/libros-de-medicina\/diagnostico-y-tratamiento-del-pie-diabetico\/\">Diagn\u00f3stico y Tratamiento del Pie Diab\u00e9tico<\/a><\/h3><div class='post-meta-user '><span class='date-meta'><i class='far fa-calendar-alt '><\/i>30\/03\/2023<\/span><\/div><div class='tpg-excerpt'>Los primeros mensajes de un libro, por lo general, son los que atrapan la atenci\u00f3n del lector y definen a los que ser\u00e1n capturados por su escritor. Quiz\u00e1s sin una intenci\u00f3n premeditada, el autor de este libro, con un lenguaje metodol\u00f3gico, t\u00e9cnico, pero al mismo tiempo claro y sencillo, ha actuado poni\u00e9ndose en los zapatos&hellip;...<\/div><span class='read-more '><a data-id='27435' class='' href='https:\/\/www.soymedicina.com\/libros-de-medicina\/diagnostico-y-tratamiento-del-pie-diabetico\/'>Leer m\u00e1s<\/a><\/span><\/div><\/div><\/div><\/div><\/div><\/div><div class='rt-pagination-wrap' data-total-pages='5' data-posts-per-page='5' data-type='pagination'  ><div class=\"rt-pagination\" ><ul class=\"pagination-list\"><li class=\"active\"><span>1<\/span><\/li><li><a data-paged='2' href='https:\/\/www.soymedicina.com\/libros-de-medicina\/wp-json\/wp\/v2\/pages\/26621\/page\/2\/'>2<\/a><\/li><li><a data-paged='3' href='https:\/\/www.soymedicina.com\/libros-de-medicina\/wp-json\/wp\/v2\/pages\/26621\/page\/3\/'>3<\/a><\/li><li><a data-paged='4' href='https:\/\/www.soymedicina.com\/libros-de-medicina\/wp-json\/wp\/v2\/pages\/26621\/page\/4\/'>4<\/a><\/li><li><a data-paged='5' href='https:\/\/www.soymedicina.com\/libros-de-medicina\/wp-json\/wp\/v2\/pages\/26621\/page\/5\/'>5<\/a><\/li><\/ul><\/div><\/div><\/div>[\/vc_column_text][\/vc_column][\/vc_row]\n<\/div><span class=\"et_bloom_bottom_trigger\"><\/span>","protected":false},"excerpt":{"rendered":"<p>[vc_row][vc_column][vc_column_text][\/vc_column_text][\/vc_column][\/vc_row]<\/p>\n","protected":false},"author":1,"featured_media":0,"parent":0,"menu_order":0,"comment_status":"closed","ping_status":"closed","template":"","meta":{"footnotes":""},"class_list":["post-26621","page","type-page","status-publish","hentry"],"rttpg_featured_image_url":null,"rttpg_author":{"display_name":"Administrador","author_link":"https:\/\/www.soymedicina.com\/libros-de-medicina\/author\/administrador\/"},"rttpg_comment":0,"rttpg_category":"","rttpg_excerpt":"[vc_row][vc_column][vc_column_text][\/vc_column_text][\/vc_column][\/vc_row]","_links":{"self":[{"href":"https:\/\/www.soymedicina.com\/libros-de-medicina\/wp-json\/wp\/v2\/pages\/26621","targetHints":{"allow":["GET"]}}],"collection":[{"href":"https:\/\/www.soymedicina.com\/libros-de-medicina\/wp-json\/wp\/v2\/pages"}],"about":[{"href":"https:\/\/www.soymedicina.com\/libros-de-medicina\/wp-json\/wp\/v2\/types\/page"}],"author":[{"embeddable":true,"href":"https:\/\/www.soymedicina.com\/libros-de-medicina\/wp-json\/wp\/v2\/users\/1"}],"replies":[{"embeddable":true,"href":"https:\/\/www.soymedicina.com\/libros-de-medicina\/wp-json\/wp\/v2\/comments?post=26621"}],"version-history":[{"count":1,"href":"https:\/\/www.soymedicina.com\/libros-de-medicina\/wp-json\/wp\/v2\/pages\/26621\/revisions"}],"predecessor-version":[{"id":26635,"href":"https:\/\/www.soymedicina.com\/libros-de-medicina\/wp-json\/wp\/v2\/pages\/26621\/revisions\/26635"}],"wp:attachment":[{"href":"https:\/\/www.soymedicina.com\/libros-de-medicina\/wp-json\/wp\/v2\/media?parent=26621"}],"curies":[{"name":"wp","href":"https:\/\/api.w.org\/{rel}","templated":true}]}}